Last updated on 2024-07-16 21:49:12 CEST.
Flavor | Version | Tinstall | Tcheck | Ttotal | Status | Flags |
---|---|---|---|---|---|---|
r-devel-linux-x86_64-debian-clang | 1.1.3 | 4.94 | 40.38 | 45.32 | OK | |
r-devel-linux-x86_64-debian-gcc | 1.1.3 | 2.98 | 31.28 | 34.26 | OK | |
r-devel-linux-x86_64-fedora-clang | 1.1.3 | 57.09 | OK | |||
r-devel-linux-x86_64-fedora-gcc | 1.1.3 | 66.36 | OK | |||
r-devel-windows-x86_64 | 1.1.3 | 5.00 | 72.00 | 77.00 | NOTE | |
r-patched-linux-x86_64 | 1.1.3 | 5.40 | 39.86 | 45.26 | OK | |
r-release-linux-x86_64 | 1.1.3 | 4.62 | 39.33 | 43.95 | OK | |
r-release-macos-arm64 | 1.1.3 | 25.00 | OK | |||
r-release-macos-x86_64 | 1.1.3 | 41.00 | OK | |||
r-release-windows-x86_64 | 1.1.3 | 4.00 | 73.00 | 77.00 | OK | |
r-oldrel-macos-arm64 | 1.1.3 | 26.00 | OK | |||
r-oldrel-macos-x86_64 | 1.1.3 | 37.00 | OK | |||
r-oldrel-windows-x86_64 | 1.1.3 | 4.00 | 71.00 | 75.00 | OK |
Version: 1.1.3
Check: Rd cross-references
Result: NOTE
Found the following Rd file(s) with Rd \link{} targets missing package
anchors:
addLineBreak.Rd: xtable
Please provide package anchors for all Rd \link{} targets not in the
package itself and the base packages.
Flavor: r-devel-windows-x86_64