Last updated on 2024-07-16 21:49:11 CEST.
Flavor | Version | Tinstall | Tcheck | Ttotal | Status | Flags |
---|---|---|---|---|---|---|
r-devel-linux-x86_64-debian-clang | 0.2.0 | 4.20 | 42.19 | 46.39 | OK | |
r-devel-linux-x86_64-debian-gcc | 0.2.0 | 2.57 | 32.36 | 34.93 | OK | |
r-devel-linux-x86_64-fedora-clang | 0.2.0 | 62.22 | NOTE | |||
r-devel-linux-x86_64-fedora-gcc | 0.2.0 | 53.89 | NOTE | |||
r-devel-windows-x86_64 | 0.2.0 | 7.00 | 58.00 | 65.00 | OK | |
r-patched-linux-x86_64 | 0.2.0 | 2.23 | 41.06 | 43.29 | OK | |
r-release-linux-x86_64 | 0.2.0 | 2.46 | 41.17 | 43.63 | OK | |
r-release-macos-arm64 | 0.2.0 | 22.00 | OK | |||
r-release-macos-x86_64 | 0.2.0 | 34.00 | OK | |||
r-release-windows-x86_64 | 0.2.0 | 4.00 | 58.00 | 62.00 | OK | |
r-oldrel-macos-arm64 | 0.2.0 | 23.00 | OK | |||
r-oldrel-macos-x86_64 | 0.2.0 | 34.00 | OK | |||
r-oldrel-windows-x86_64 | 0.2.0 | 6.00 | 62.00 | 68.00 | OK |
Version: 0.2.0
Check: data for non-ASCII characters
Result: NOTE
Note: found 3 marked UTF-8 strings
Flavors: r-devel-linux-x86_64-fedora-clang, r-devel-linux-x86_64-fedora-gcc