Last updated on 2024-07-18 05:52:09 CEST.
Flavor | Version | Tinstall | Tcheck | Ttotal | Status | Flags |
---|---|---|---|---|---|---|
r-devel-linux-x86_64-debian-clang | 1.66 | 84.76 | 431.05 | 515.81 | OK | |
r-devel-linux-x86_64-debian-gcc | 1.66 | 66.08 | 295.32 | 361.40 | OK | |
r-devel-linux-x86_64-fedora-clang | 1.66 | 656.82 | NOTE | |||
r-devel-linux-x86_64-fedora-gcc | 1.66 | 655.86 | OK | |||
r-devel-windows-x86_64 | 1.66 | 94.00 | 351.00 | 445.00 | NOTE | |
r-patched-linux-x86_64 | 1.66 | 90.26 | 400.68 | 490.94 | OK | |
r-release-linux-x86_64 | 1.66 | 83.74 | 402.29 | 486.03 | OK | |
r-release-macos-arm64 | 1.66 | 142.00 | NOTE | |||
r-release-macos-x86_64 | 1.66 | 221.00 | NOTE | |||
r-release-windows-x86_64 | 1.66 | 98.00 | 354.00 | 452.00 | NOTE | |
r-oldrel-macos-arm64 | 1.66 | 154.00 | NOTE | |||
r-oldrel-macos-x86_64 | 1.66 | 505.00 | NOTE | |||
r-oldrel-windows-x86_64 | 1.66 | 104.00 | 412.00 | 516.00 | NOTE |
Version: 1.66
Check: installed package size
Result: NOTE
installed size is 10.6Mb
sub-directories of 1Mb or more:
R 1.7Mb
contrib 3.8Mb
doc 3.0Mb
Flavors: r-devel-linux-x86_64-fedora-clang, r-devel-windows-x86_64, r-release-macos-arm64, r-release-macos-x86_64, r-release-windows-x86_64, r-oldrel-macos-arm64, r-oldrel-macos-x86_64, r-oldrel-windows-x86_64