Last updated on 2024-07-18 05:52:08 CEST.
Flavor | Version | Tinstall | Tcheck | Ttotal | Status | Flags |
---|---|---|---|---|---|---|
r-devel-linux-x86_64-debian-clang | 1.0-6 | 26.01 | 103.49 | 129.50 | OK | |
r-devel-linux-x86_64-debian-gcc | 1.0-6 | 21.40 | 74.23 | 95.63 | OK | |
r-devel-linux-x86_64-fedora-clang | 1.0-6 | 170.85 | OK | |||
r-devel-linux-x86_64-fedora-gcc | 1.0-6 | 161.10 | OK | |||
r-devel-windows-x86_64 | 1.0-6 | 28.00 | 117.00 | 145.00 | NOTE | |
r-patched-linux-x86_64 | 1.0-6 | 26.86 | 95.84 | 122.70 | OK | |
r-release-linux-x86_64 | 1.0-6 | 20.33 | 97.14 | 117.47 | OK | |
r-release-macos-arm64 | 1.0-6 | 47.00 | OK | |||
r-release-macos-x86_64 | 1.0-6 | 65.00 | OK | |||
r-release-windows-x86_64 | 1.0-6 | 26.00 | 115.00 | 141.00 | OK | |
r-oldrel-macos-arm64 | 1.0-6 | 54.00 | OK | |||
r-oldrel-macos-x86_64 | 1.0-6 | 81.00 | OK | |||
r-oldrel-windows-x86_64 | 1.0-6 | 37.00 | 136.00 | 173.00 | OK |
Version: 1.0-6
Check: Rd cross-references
Result: NOTE
Found the following Rd file(s) with Rd \link{} targets missing package
anchors:
fitDistr.Rd: nls.lm
predictNLS.Rd: rtmvt
Please provide package anchors for all Rd \link{} targets not in the
package itself and the base packages.
Flavor: r-devel-windows-x86_64