Last updated on 2024-06-16 13:53:36 CEST.
Flavor | Version | Tinstall | Tcheck | Ttotal | Status | Flags |
---|---|---|---|---|---|---|
r-devel-linux-x86_64-debian-clang | 0.2.0 | 4.50 | 71.38 | 75.88 | OK | |
r-devel-linux-x86_64-debian-gcc | 0.2.0 | 4.41 | 53.12 | 57.53 | OK | |
r-devel-linux-x86_64-fedora-clang | 0.2.0 | 102.54 | NOTE | |||
r-devel-linux-x86_64-fedora-gcc | 0.2.0 | 103.66 | OK | |||
r-devel-windows-x86_64 | 0.2.0 | 6.00 | 76.00 | 82.00 | OK | |
r-patched-linux-x86_64 | 0.2.0 | 14.07 | 66.92 | 80.99 | OK | |
r-release-linux-x86_64 | 0.2.0 | 3.61 | 66.25 | 69.86 | OK | |
r-release-macos-arm64 | 0.2.0 | 36.00 | OK | |||
r-release-macos-x86_64 | 0.2.0 | 95.00 | OK | |||
r-release-windows-x86_64 | 0.2.0 | 7.00 | 82.00 | 89.00 | OK | |
r-oldrel-macos-arm64 | 0.2.0 | 123.00 | OK | |||
r-oldrel-macos-x86_64 | 0.2.0 | 58.00 | OK | |||
r-oldrel-windows-x86_64 | 0.2.0 | 8.00 | 89.00 | 97.00 | OK |
Version: 0.2.0
Check: Rd cross-references
Result: NOTE
Undeclared package ‘tidyselect’ in Rd xrefs
Flavor: r-devel-linux-x86_64-fedora-clang