Last updated on 2024-07-16 21:48:58 CEST.
Flavor | Version | Tinstall | Tcheck | Ttotal | Status | Flags |
---|---|---|---|---|---|---|
r-devel-linux-x86_64-debian-clang | 1.9.1 | 3.28 | 51.80 | 55.08 | NOTE | |
r-devel-linux-x86_64-debian-gcc | 1.9.1 | 2.13 | 37.69 | 39.82 | NOTE | |
r-devel-linux-x86_64-fedora-clang | 1.9.1 | 70.09 | NOTE | |||
r-devel-linux-x86_64-fedora-gcc | 1.9.1 | 68.42 | NOTE | |||
r-devel-windows-x86_64 | 1.9.1 | 4.00 | 67.00 | 71.00 | NOTE | |
r-patched-linux-x86_64 | 1.9.1 | 4.92 | 48.46 | 53.38 | NOTE | |
r-release-linux-x86_64 | 1.9.1 | 3.25 | 48.51 | 51.76 | NOTE | |
r-release-macos-arm64 | 1.9.1 | 25.00 | NOTE | |||
r-release-macos-x86_64 | 1.9.1 | 43.00 | NOTE | |||
r-release-windows-x86_64 | 1.9.1 | 5.00 | 66.00 | 71.00 | NOTE | |
r-oldrel-macos-arm64 | 1.9.1 | 27.00 | NOTE | |||
r-oldrel-macos-x86_64 | 1.9.1 | 39.00 | NOTE | |||
r-oldrel-windows-x86_64 | 1.9.1 | 6.00 | 73.00 | 79.00 | NOTE |
Version: 1.9.1
Check: package dependencies
Result: NOTE
Package suggested but not available for checking: ‘ffbase’
Flavors: r-devel-linux-x86_64-debian-clang, r-devel-linux-x86_64-debian-gcc, r-devel-linux-x86_64-fedora-clang, r-devel-linux-x86_64-fedora-gcc, r-devel-windows-x86_64, r-patched-linux-x86_64, r-release-linux-x86_64, r-release-macos-arm64, r-release-macos-x86_64, r-release-windows-x86_64, r-oldrel-macos-arm64, r-oldrel-macos-x86_64, r-oldrel-windows-x86_64