Last updated on 2024-07-18 05:52:12 CEST.
Flavor | Version | Tinstall | Tcheck | Ttotal | Status | Flags |
---|---|---|---|---|---|---|
r-devel-linux-x86_64-debian-clang | 1.1.5 | 113.65 | 120.83 | 234.48 | NOTE | |
r-devel-linux-x86_64-debian-gcc | 1.1.5 | 85.51 | 88.97 | 174.48 | NOTE | |
r-devel-linux-x86_64-fedora-clang | 1.1.5 | 291.09 | NOTE | |||
r-devel-linux-x86_64-fedora-gcc | 1.1.5 | 317.95 | NOTE | |||
r-devel-windows-x86_64 | 1.1.5 | 97.00 | 142.00 | 239.00 | NOTE | |
r-patched-linux-x86_64 | 1.1.5 | 100.58 | 116.62 | 217.20 | NOTE | |
r-release-linux-x86_64 | 1.1.5 | 103.77 | 114.30 | 218.07 | NOTE | |
r-release-macos-arm64 | 1.1.5 | 86.00 | NOTE | |||
r-release-macos-x86_64 | 1.1.5 | 107.00 | NOTE | |||
r-release-windows-x86_64 | 1.1.5 | 109.00 | 144.00 | 253.00 | NOTE | |
r-oldrel-macos-arm64 | 1.1.5 | 89.00 | NOTE | |||
r-oldrel-macos-x86_64 | 1.1.5 | 166.00 | NOTE | |||
r-oldrel-windows-x86_64 | 1.1.5 | 116.00 | 172.00 | 288.00 | NOTE |
Version: 1.1.5
Check: C++ specification
Result: NOTE
Specified C++14: please drop specification unless essential
Flavors: r-devel-linux-x86_64-debian-clang, r-devel-linux-x86_64-debian-gcc, r-devel-linux-x86_64-fedora-clang, r-devel-linux-x86_64-fedora-gcc, r-devel-windows-x86_64, r-patched-linux-x86_64, r-release-linux-x86_64, r-release-macos-arm64, r-release-macos-x86_64, r-release-windows-x86_64, r-oldrel-macos-arm64, r-oldrel-macos-x86_64, r-oldrel-windows-x86_64
Version: 1.1.5
Check: package dependencies
Result: NOTE
Package suggested but not available for checking: 'unix'
Flavors: r-devel-windows-x86_64, r-release-windows-x86_64, r-oldrel-windows-x86_64
Version: 1.1.5
Check: installed package size
Result: NOTE
installed size is 10.2Mb
sub-directories of 1Mb or more:
libs 8.3Mb
yacas 1.3Mb
Flavors: r-release-macos-arm64, r-release-macos-x86_64, r-oldrel-macos-arm64, r-oldrel-macos-x86_64