Last updated on 2024-06-16 13:53:40 CEST.
Flavor | Version | Tinstall | Tcheck | Ttotal | Status | Flags |
---|---|---|---|---|---|---|
r-devel-linux-x86_64-debian-clang | 0.0.3 | 78.41 | 28.12 | 106.53 | OK | |
r-devel-linux-x86_64-debian-gcc | 0.0.3 | 72.30 | 21.92 | 94.22 | OK | |
r-devel-linux-x86_64-fedora-clang | 0.0.3 | 126.57 | OK | |||
r-devel-linux-x86_64-fedora-gcc | 0.0.3 | 181.51 | OK | |||
r-devel-windows-x86_64 | 0.0.3 | 64.00 | 73.00 | 137.00 | OK | |
r-patched-linux-x86_64 | 0.0.3 | 73.48 | 27.73 | 101.21 | OK | |
r-release-linux-x86_64 | 0.0.3 | 84.45 | 27.81 | 112.26 | OK | |
r-release-macos-arm64 | 0.0.3 | 50.00 | NOTE | |||
r-release-macos-x86_64 | 0.0.3 | 55.00 | NOTE | |||
r-release-windows-x86_64 | 0.0.3 | 62.00 | 81.00 | 143.00 | OK | |
r-oldrel-macos-arm64 | 0.0.3 | 54.00 | NOTE | |||
r-oldrel-macos-x86_64 | 0.0.3 | 100.00 | NOTE | |||
r-oldrel-windows-x86_64 | 0.0.3 | 82.00 | 101.00 | 183.00 | OK |
Version: 0.0.3
Check: installed package size
Result: NOTE
installed size is 19.7Mb
sub-directories of 1Mb or more:
libs 19.5Mb
Flavors: r-release-macos-arm64, r-release-macos-x86_64, r-oldrel-macos-arm64, r-oldrel-macos-x86_64