Last updated on 2024-08-16 13:49:10 CEST.
Flavor | Version | Tinstall | Tcheck | Ttotal | Status | Flags |
---|---|---|---|---|---|---|
r-devel-linux-x86_64-debian-clang | 0.2.4 | 5.49 | 38.70 | 44.19 | NOTE | |
r-devel-linux-x86_64-debian-gcc | 0.2.4 | 3.42 | 28.49 | 31.91 | NOTE | |
r-devel-linux-x86_64-fedora-clang | 0.2.4 | 68.19 | NOTE | |||
r-devel-linux-x86_64-fedora-gcc | 0.2.4 | 65.11 | OK | |||
r-devel-windows-x86_64 | 0.2.4 | 5.00 | 55.00 | 60.00 | NOTE | |
r-patched-linux-x86_64 | 0.2.4 | 6.25 | 36.43 | 42.68 | OK | |
r-release-linux-x86_64 | 0.2.4 | 4.89 | 37.36 | 42.25 | OK | |
r-release-macos-arm64 | 0.2.4 | 20.00 | OK | |||
r-release-macos-x86_64 | 0.2.4 | 33.00 | OK | |||
r-release-windows-x86_64 | 0.2.4 | 5.00 | 54.00 | 59.00 | OK | |
r-oldrel-macos-arm64 | 0.2.4 | 21.00 | OK | |||
r-oldrel-macos-x86_64 | 0.2.4 | 38.00 | OK | |||
r-oldrel-windows-x86_64 | 0.2.4 | 6.00 | 60.00 | 66.00 | OK |
Version: 0.2.4
Check: Rd cross-references
Result: NOTE
Found the following Rd file(s) with Rd \link{} targets missing package
anchors:
H2Connection-class.Rd: JDBC, JDBCDriver-class
Please provide package anchors for all Rd \link{} targets not in the
package itself and the base packages.
Flavors: r-devel-linux-x86_64-debian-clang, r-devel-linux-x86_64-debian-gcc, r-devel-windows-x86_64
Version: 0.2.4
Check: Rd cross-references
Result: NOTE
Undeclared package ‘DBI’ in Rd xrefs
Flavor: r-devel-linux-x86_64-fedora-clang