Last updated on 2024-07-16 21:49:11 CEST.
Flavor | Version | Tinstall | Tcheck | Ttotal | Status | Flags |
---|---|---|---|---|---|---|
r-devel-linux-x86_64-debian-clang | 0.16.12 | 15.38 | 96.67 | 112.05 | OK | |
r-devel-linux-x86_64-debian-gcc | 0.16.12 | 10.46 | 72.49 | 82.95 | OK | |
r-devel-linux-x86_64-fedora-clang | 0.16.12 | 139.24 | NOTE | |||
r-devel-linux-x86_64-fedora-gcc | 0.16.12 | 140.08 | NOTE | |||
r-devel-windows-x86_64 | 0.16.12 | 12.00 | 86.00 | 98.00 | OK | |
r-patched-linux-x86_64 | 0.16.12 | 12.85 | 93.22 | 106.07 | OK | |
r-release-linux-x86_64 | 0.16.12 | 7.81 | 93.60 | 101.41 | OK | |
r-release-macos-arm64 | 0.16.12 | 42.00 | OK | |||
r-release-macos-x86_64 | 0.16.12 | 68.00 | OK | |||
r-release-windows-x86_64 | 0.16.12 | 12.00 | 88.00 | 100.00 | OK | |
r-oldrel-macos-arm64 | 0.16.12 | 43.00 | OK | |||
r-oldrel-macos-x86_64 | 0.16.12 | 71.00 | OK | |||
r-oldrel-windows-x86_64 | 0.16.12 | 17.00 | 104.00 | 121.00 | OK |
Version: 0.16.12
Check: data for non-ASCII characters
Result: NOTE
Note: found 1 marked UTF-8 string
Flavors: r-devel-linux-x86_64-fedora-clang, r-devel-linux-x86_64-fedora-gcc