Last updated on 2024-07-16 21:48:59 CEST.
Flavor | Version | Tinstall | Tcheck | Ttotal | Status | Flags |
---|---|---|---|---|---|---|
r-devel-linux-x86_64-debian-clang | 1.3 | 12.95 | 138.31 | 151.26 | OK | |
r-devel-linux-x86_64-debian-gcc | 1.3 | 11.48 | 102.92 | 114.40 | OK | |
r-devel-linux-x86_64-fedora-clang | 1.3 | 194.29 | OK | |||
r-devel-linux-x86_64-fedora-gcc | 1.3 | 178.12 | OK | |||
r-devel-windows-x86_64 | 1.3 | 13.00 | 113.00 | 126.00 | NOTE | |
r-patched-linux-x86_64 | 1.3 | 14.24 | 136.04 | 150.28 | OK | |
r-release-linux-x86_64 | 1.3 | 8.26 | 129.78 | 138.04 | OK | |
r-release-macos-arm64 | 1.3 | 53.00 | OK | |||
r-release-macos-x86_64 | 1.3 | 78.00 | OK | |||
r-release-windows-x86_64 | 1.3 | 12.00 | 114.00 | 126.00 | OK | |
r-oldrel-macos-arm64 | 1.3 | 58.00 | OK | |||
r-oldrel-macos-x86_64 | 1.3 | 91.00 | OK | |||
r-oldrel-windows-x86_64 | 1.3 | 18.00 | 139.00 | 157.00 | OK |
Version: 1.3
Check: Rd cross-references
Result: NOTE
Found the following Rd file(s) with Rd \link{} targets missing package
anchors:
catpredi.Rd: mgcv
catpredi.survival.Rd: Surv
Please provide package anchors for all Rd \link{} targets not in the
package itself and the base packages.
Flavor: r-devel-windows-x86_64