Last updated on 2024-07-18 05:51:54 CEST.
Flavor | Version | Tinstall | Tcheck | Ttotal | Status | Flags |
---|---|---|---|---|---|---|
r-devel-linux-x86_64-debian-clang | 0.6-0 | 8.97 | 81.64 | 90.61 | OK | |
r-devel-linux-x86_64-debian-gcc | 0.6-0 | 8.36 | 58.48 | 66.84 | OK | |
r-devel-linux-x86_64-fedora-clang | 0.6-0 | 112.38 | OK | |||
r-devel-linux-x86_64-fedora-gcc | 0.6-0 | 119.62 | OK | |||
r-devel-windows-x86_64 | 0.6-0 | 10.00 | 93.00 | 103.00 | NOTE | |
r-patched-linux-x86_64 | 0.6-0 | 9.72 | 79.50 | 89.22 | OK | |
r-release-linux-x86_64 | 0.6-0 | 8.23 | 76.07 | 84.30 | OK | |
r-release-macos-arm64 | 0.6-0 | 43.00 | OK | |||
r-release-macos-x86_64 | 0.6-0 | 72.00 | OK | |||
r-release-windows-x86_64 | 0.6-0 | 11.00 | 96.00 | 107.00 | OK | |
r-oldrel-macos-arm64 | 0.6-0 | 42.00 | OK | |||
r-oldrel-macos-x86_64 | 0.6-0 | 66.00 | OK | |||
r-oldrel-windows-x86_64 | 0.6-0 | 13.00 | 100.00 | 113.00 | OK |
Version: 0.6-0
Check: Rd cross-references
Result: NOTE
Found the following Rd file(s) with Rd \link{} targets missing package
anchors:
besselIs.Rd: mpfr-class
besselJs.Rd: mpfr-class
Please provide package anchors for all Rd \link{} targets not in the
package itself and the base packages.
Flavor: r-devel-windows-x86_64