Last updated on 2024-05-08 05:56:32 CEST.
Flavor | Version | Tinstall | Tcheck | Ttotal | Status | Flags |
---|---|---|---|---|---|---|
r-devel-linux-x86_64-debian-clang | 4.2-36 | 16.71 | 130.75 | 147.46 | OK | |
r-devel-linux-x86_64-debian-gcc | 4.2-36 | 14.59 | 96.53 | 111.12 | OK | |
r-devel-linux-x86_64-fedora-clang | 4.2-36 | 189.24 | NOTE | |||
r-devel-linux-x86_64-fedora-gcc | 4.2-36 | 233.26 | OK | |||
r-devel-windows-x86_64 | 4.2-36 | 19.00 | 147.00 | 166.00 | NOTE | |
r-patched-linux-x86_64 | 4.2-36 | 21.15 | 128.68 | 149.83 | OK | |
r-release-linux-x86_64 | 4.2-36 | 16.89 | 123.25 | 140.14 | OK | |
r-release-macos-arm64 | 4.2-36 | 58.00 | NOTE | |||
r-release-windows-x86_64 | 4.2-36 | 19.00 | 142.00 | 161.00 | NOTE | |
r-oldrel-macos-arm64 | 4.2-36 | 64.00 | NOTE | |||
r-oldrel-macos-x86_64 | 4.2-36 | 137.00 | NOTE | |||
r-oldrel-windows-x86_64 | 4.2-36 | 24.00 | 172.00 | 196.00 | NOTE |
Version: 4.2-36
Check: installed package size
Result: NOTE
installed size is 5.4Mb
sub-directories of 1Mb or more:
data 1.4Mb
sequences 1.9Mb
Flavors: r-devel-linux-x86_64-fedora-clang, r-devel-windows-x86_64, r-release-macos-arm64, r-release-windows-x86_64, r-oldrel-macos-arm64, r-oldrel-macos-x86_64, r-oldrel-windows-x86_64