Last updated on 2024-05-11 13:49:15 CEST.
Flavor | Version | Tinstall | Tcheck | Ttotal | Status | Flags |
---|---|---|---|---|---|---|
r-devel-linux-x86_64-debian-clang | 0.3.0 | 16.15 | 103.33 | 119.48 | NOTE | |
r-devel-linux-x86_64-debian-gcc | 0.3.0 | 12.04 | 75.97 | 88.01 | NOTE | |
r-devel-linux-x86_64-fedora-clang | 0.3.0 | 150.98 | NOTE | |||
r-devel-linux-x86_64-fedora-gcc | 0.3.0 | 204.24 | NOTE | |||
r-devel-windows-x86_64 | 0.3.0 | 15.00 | 89.00 | 104.00 | NOTE | |
r-patched-linux-x86_64 | 0.3.0 | 11.98 | 96.58 | 108.56 | NOTE | |
r-release-linux-x86_64 | 0.3.0 | 10.30 | 96.23 | 106.53 | NOTE | |
r-release-macos-arm64 | 0.3.0 | 49.00 | NOTE | |||
r-release-windows-x86_64 | 0.3.0 | 14.00 | 89.00 | 103.00 | NOTE | |
r-oldrel-macos-arm64 | 0.3.0 | 55.00 | NOTE | |||
r-oldrel-macos-x86_64 | 0.3.0 | 70.00 | NOTE | |||
r-oldrel-windows-x86_64 | 0.3.0 | 16.00 | 101.00 | 117.00 | NOTE |
Version: 0.3.0
Check: LazyData
Result: NOTE
'LazyData' is specified without a 'data' directory
Flavors: r-devel-linux-x86_64-debian-clang, r-devel-linux-x86_64-debian-gcc, r-devel-linux-x86_64-fedora-clang, r-devel-linux-x86_64-fedora-gcc, r-devel-windows-x86_64, r-patched-linux-x86_64, r-release-linux-x86_64, r-release-macos-arm64, r-release-windows-x86_64, r-oldrel-macos-arm64, r-oldrel-macos-x86_64, r-oldrel-windows-x86_64
Version: 0.3.0
Check: dependencies in R code
Result: NOTE
Namespace in Imports field not imported from: ‘bookdown’
All declared Imports should be used.
Flavors: r-devel-linux-x86_64-fedora-clang, r-devel-linux-x86_64-fedora-gcc