Last updated on 2024-05-19 13:55:57 CEST.
Flavor | Version | Tinstall | Tcheck | Ttotal | Status | Flags |
---|---|---|---|---|---|---|
r-devel-linux-x86_64-debian-clang | 1.5.0 | 39.66 | 726.43 | 766.09 | OK | |
r-devel-linux-x86_64-debian-gcc | 1.5.0 | 27.98 | 521.95 | 549.93 | OK | |
r-devel-linux-x86_64-fedora-clang | 1.5.0 | 944.69 | NOTE | |||
r-devel-linux-x86_64-fedora-gcc | 1.5.0 | 880.92 | NOTE | |||
r-devel-windows-x86_64 | 1.5.0 | 30.00 | 463.00 | 493.00 | OK | |
r-patched-linux-x86_64 | 1.5.0 | 43.21 | 688.10 | 731.31 | OK | |
r-release-linux-x86_64 | 1.5.0 | 27.35 | 687.05 | 714.40 | OK | |
r-release-macos-arm64 | 1.5.0 | 200.00 | OK | |||
r-release-windows-x86_64 | 1.5.0 | 30.00 | 471.00 | 501.00 | OK | |
r-oldrel-macos-arm64 | 1.5.0 | 218.00 | OK | |||
r-oldrel-macos-x86_64 | 1.5.0 | 379.00 | OK | |||
r-oldrel-windows-x86_64 | 1.5.0 | 40.00 | 643.00 | 683.00 | OK |
Version: 1.5.0
Check: dependencies in R code
Result: NOTE
Namespace in Imports field not imported from: ‘mcmcr’
All declared Imports should be used.
Flavors: r-devel-linux-x86_64-fedora-clang, r-devel-linux-x86_64-fedora-gcc