Last updated on 2024-05-19 13:55:53 CEST.
Flavor | Version | Tinstall | Tcheck | Ttotal | Status | Flags |
---|---|---|---|---|---|---|
r-devel-linux-x86_64-debian-clang | 0.2.5 | 3.65 | 48.48 | 52.13 | OK | |
r-devel-linux-x86_64-debian-gcc | 0.2.5 | 2.68 | 35.48 | 38.16 | OK | |
r-devel-linux-x86_64-fedora-clang | 0.2.5 | 65.11 | NOTE | |||
r-devel-linux-x86_64-fedora-gcc | 0.2.5 | 84.97 | OK | |||
r-devel-windows-x86_64 | 0.2.5 | 4.00 | 261.00 | 265.00 | OK | |
r-patched-linux-x86_64 | 0.2.5 | 4.21 | 45.22 | 49.43 | OK | |
r-release-linux-x86_64 | 0.2.5 | 3.57 | 45.66 | 49.23 | OK | |
r-release-macos-arm64 | 0.2.5 | 30.00 | OK | |||
r-release-macos-x86_64 | 0.2.5 | 83.00 | OK | |||
r-release-windows-x86_64 | 0.2.5 | 4.00 | 403.00 | 407.00 | OK | |
r-oldrel-macos-arm64 | 0.2.5 | 34.00 | OK | |||
r-oldrel-macos-x86_64 | 0.2.5 | 69.00 | OK | |||
r-oldrel-windows-x86_64 | 0.2.5 | 5.00 | 683.00 | 688.00 | OK |
Version: 0.2.5
Check: Rd cross-references
Result: NOTE
Undeclared packages ‘bmp’, ‘jpeg’, ‘png’, ‘tiff’ in Rd xrefs
Flavor: r-devel-linux-x86_64-fedora-clang