Last updated on 2024-05-04 13:49:16 CEST.
Flavor | Version | Tinstall | Tcheck | Ttotal | Status | Flags |
---|---|---|---|---|---|---|
r-devel-linux-x86_64-debian-clang | 0.0-2 | 26.87 | 177.34 | 204.21 | NOTE | |
r-devel-linux-x86_64-debian-gcc | 0.0-2 | 20.27 | 127.31 | 147.58 | NOTE | |
r-devel-linux-x86_64-fedora-clang | 0.0-2 | 261.87 | NOTE | |||
r-devel-linux-x86_64-fedora-gcc | 0.0-2 | 253.39 | NOTE | |||
r-devel-windows-x86_64 | 0.0-2 | 23.00 | 154.00 | 177.00 | NOTE | |
r-patched-linux-x86_64 | 0.0-2 | 26.41 | 169.70 | 196.11 | NOTE | |
r-release-linux-x86_64 | 0.0-2 | 24.54 | 170.85 | 195.39 | NOTE | |
r-release-macos-arm64 | 0.0-2 | 87.00 | NOTE | |||
r-release-windows-x86_64 | 0.0-2 | 26.00 | 200.00 | 226.00 | NOTE | |
r-oldrel-macos-arm64 | 0.0-2 | 68.00 | NOTE | |||
r-oldrel-macos-x86_64 | 0.0-2 | 117.00 | NOTE | |||
r-oldrel-windows-x86_64 | 0.0-2 | 23.00 | 147.00 | 170.00 | NOTE |
Version: 0.0-2
Check: Rd files
Result: NOTE
checkRd: (-1) RcmdrPlugin.MA-package.Rd:21: Escaped LaTeX specials: \&
checkRd: (-1) RcmdrPlugin.MA-package.Rd:23: Escaped LaTeX specials: \&
Flavors: r-devel-linux-x86_64-debian-clang, r-devel-linux-x86_64-debian-gcc, r-devel-linux-x86_64-fedora-clang, r-devel-linux-x86_64-fedora-gcc, r-devel-windows-x86_64, r-patched-linux-x86_64, r-release-linux-x86_64, r-release-macos-arm64, r-release-windows-x86_64, r-oldrel-macos-arm64, r-oldrel-macos-x86_64, r-oldrel-windows-x86_64