Last updated on 2024-05-07 09:59:06 CEST.
Flavor | Version | Tinstall | Tcheck | Ttotal | Status | Flags |
---|---|---|---|---|---|---|
r-devel-linux-x86_64-debian-clang | 0.12-5 | 46.69 | 251.09 | 297.78 | OK | |
r-devel-linux-x86_64-debian-gcc | 0.12-5 | 35.21 | 181.20 | 216.41 | OK | |
r-devel-linux-x86_64-fedora-clang | 0.12-5 | 374.50 | NOTE | |||
r-devel-linux-x86_64-fedora-gcc | 0.12-5 | 425.12 | OK | |||
r-devel-windows-x86_64 | 0.12-5 | 41.00 | 285.00 | 326.00 | OK | |
r-patched-linux-x86_64 | 0.12-5 | 53.37 | 239.05 | 292.42 | OK | |
r-release-linux-x86_64 | 0.12-5 | 39.62 | 236.88 | 276.50 | OK | |
r-release-macos-arm64 | 0.12-5 | 109.00 | OK | |||
r-release-windows-x86_64 | 0.12-5 | 50.00 | 272.00 | 322.00 | OK | |
r-oldrel-macos-arm64 | 0.12-5 | 70.00 | OK | |||
r-oldrel-macos-x86_64 | 0.12-5 | 133.00 | OK | |||
r-oldrel-windows-x86_64 | 0.12-5 | 37.00 | 212.00 | 249.00 | OK |
Version: 0.12-5
Check: Rd cross-references
Result: NOTE
Undeclared packages ‘BsMD’, ‘rsm’, ‘AlgDesign’, ‘lhs’ in Rd xrefs
Flavor: r-devel-linux-x86_64-fedora-clang