Last updated on 2024-05-02 21:52:56 CEST.
Flavor | Version | Tinstall | Tcheck | Ttotal | Status | Flags |
---|---|---|---|---|---|---|
r-devel-linux-x86_64-debian-clang | 2.8.0 | 30.82 | 403.01 | 433.83 | OK | |
r-devel-linux-x86_64-debian-gcc | 2.8.0 | 22.53 | 301.87 | 324.40 | OK | |
r-devel-linux-x86_64-fedora-clang | 2.8.0 | 574.96 | NOTE | |||
r-devel-linux-x86_64-fedora-gcc | 2.8.0 | 560.44 | OK | |||
r-devel-windows-x86_64 | 2.8.0 | 26.00 | 252.00 | 278.00 | NOTE | |
r-patched-linux-x86_64 | 2.8.0 | 27.33 | 392.48 | 419.81 | OK | |
r-release-linux-x86_64 | 2.8.0 | 33.01 | 384.39 | 417.40 | OK | |
r-release-macos-arm64 | 2.8.0 | 119.00 | NOTE | |||
r-release-windows-x86_64 | 2.8.0 | 26.00 | 253.00 | 279.00 | NOTE | |
r-oldrel-macos-arm64 | 2.8.0 | 137.00 | NOTE | |||
r-oldrel-macos-x86_64 | 2.8.0 | 193.00 | NOTE | |||
r-oldrel-windows-x86_64 | 2.8.0 | 36.00 | 301.00 | 337.00 | NOTE |
Version: 2.8.0
Check: installed package size
Result: NOTE
installed size is 5.3Mb
sub-directories of 1Mb or more:
doc 3.6Mb
Flavors: r-devel-linux-x86_64-fedora-clang, r-devel-windows-x86_64, r-release-macos-arm64, r-release-windows-x86_64, r-oldrel-macos-arm64, r-oldrel-macos-x86_64, r-oldrel-windows-x86_64