Last updated on 2024-05-19 13:55:54 CEST.
Flavor | Version | Tinstall | Tcheck | Ttotal | Status | Flags |
---|---|---|---|---|---|---|
r-devel-linux-x86_64-debian-clang | 0.1.1 | 3.86 | 150.72 | 154.58 | OK | |
r-devel-linux-x86_64-debian-gcc | 0.1.1 | 2.68 | 107.22 | 109.90 | OK | |
r-devel-linux-x86_64-fedora-clang | 0.1.1 | 185.05 | NOTE | |||
r-devel-linux-x86_64-fedora-gcc | 0.1.1 | 249.56 | NOTE | |||
r-devel-windows-x86_64 | 0.1.1 | 5.00 | 132.00 | 137.00 | OK | |
r-patched-linux-x86_64 | 0.1.1 | 3.42 | 143.66 | 147.08 | OK | |
r-release-linux-x86_64 | 0.1.1 | 3.04 | 145.52 | 148.56 | OK | |
r-release-macos-arm64 | 0.1.1 | 53.00 | OK | |||
r-release-windows-x86_64 | 0.1.1 | 5.00 | 146.00 | 151.00 | OK | |
r-oldrel-macos-arm64 | 0.1.1 | 61.00 | OK | |||
r-oldrel-macos-x86_64 | 0.1.1 | 81.00 | OK | |||
r-oldrel-windows-x86_64 | 0.1.1 | 6.00 | 161.00 | 167.00 | OK |
Version: 0.1.1
Check: dependencies in R code
Result: NOTE
Namespaces in Imports field not imported from:
‘Superpower’ ‘pwr’ ‘shinydashboard’
All declared Imports should be used.
Flavors: r-devel-linux-x86_64-fedora-clang, r-devel-linux-x86_64-fedora-gcc